on divisor of a and n?
20
Let x(d) = 14*d - 154. Let s be x(11). Suppose 5*j = 5*b - 376 - 309, s = 4*b + j - 538. Calculate the greatest common factor of b and 27.
27
Let q(n) = 5*n**3 - 11*n**2 + 20*n - 22. Let m be q(9). Calculate the highest common factor of m and 64.
32
Let d(v) = v**2 + 4*v. Let w be d(3). Suppose -188*i - 54 = -2*g - 183*i, 0 = 2*g + 5*i + 26. What is the highest common divisor of g and w?
7
Let n = 5204 + -5180. What is the highest common divisor of n and 184?
8
Let j(l) = -83*l + 5. Let f be j(-5). Suppose -9*a + 16*a = f. Let t = -128 - -158. What is the greatest common factor of t and a?
30
Suppose 2*t - 11*t = -2070. Suppose -t*q = -234*q + 4. What is the highest common divisor of 7 and q?
1
Suppose -30*n = -10*n - 200. Let p(u) = -u**3 + 4*u**2 + 3*u + 12. Let f be p(5). Calculate the greatest common factor of n and f.
2
Let a(t) = t**2 + 16*t + 56. Let l be a(-14). Let f be -1 + 6/1*6. Calculate the highest common factor of l and f.
7
Suppose -2*w + 27 = -4*b + 737, 0 = -3*w - 15. What is the greatest common factor of b and 200?
25
Let b(j) = 2*j + 0 + 24370*j**2 + 6 - 24366*j**2. Let m be b(-3). What is the highest common factor of m and 204?
12
Let f be 7 - (-5 - 20/(-5)). Suppose -14 + 110 = f*w. Suppose 2*b + 120 = h - 2*b, 0 = h - 2*b - 114. Calculate the highest common factor of w and h.
12
Suppose -3*j + 1949 = -d, 4*j - 69*d = -71*d + 2582. Calculate the highest common factor of 675 and j.
27
Suppose 300 = -3*f + 345. What is the highest common factor of 185 and f?
5
Suppose 2*z - 6 = 0, 205 = t - 0*t - 4*z. Let p = 82 + -88. Let h be ((-204)/p - 4) + 1. Calculate the greatest common divisor of t and h.
31
Suppose 0 = t + 3*x + 886, 0 = -5*t + 2*x - x - 4462. Let u = t - -940. What is the highest common divisor of 80 and u?
16
Let k be (20/2 - -2)*-9*14/(-63). Calculate the greatest common factor of k and 234.
6
Suppose -9*c = -36 + 27. Let a be (-9 + c - -3) + 41. Calculate the greatest common factor of a and 576.
36
Suppose -33*y + 462 = -11*y. Suppose 5*l - 3 = -8, 3*l = 4*j - 1179. What is the greatest common factor of j and y?
21
Let p(t) = t**3 + 29*t**2 + 157*t - 60. Let z be p(-21). Calculate the greatest common factor of z and 153.
9
Suppose -5*k - a - 261 = 2*a, -a = 5*k + 267. Let y = k + 83. Let t = y + 0. What is the highest common divisor of 87 and t?
29
Suppose 742*h - 707*h - 3115 = 0. Calculate the highest common divisor of 801 and h.
89
Suppose -10*s + 9*s + 5*s = 0. Suppose 14*k + 359 - 1339 = s. Calculate the highest common factor of k and 70.
70
Suppose 19*c = 20*c - 3. Suppose -c*q = 3*q - 24. Suppose -5*n + 10 = -q*n. Calculate the highest common factor of 20 and n.
10
Suppose 1162 + 2588 = 15*f. Suppose m - 125 = -5*r, 2*m + 29*r - 32*r - f = 0. Calculate the highest common factor of m and 75.
25
Suppose 0 = -18*m - 2*m + 1300. Suppose 0 = -x - m + 125. Let o = 12 - -3. Calculate the greatest common divisor of x and o.
15
Let j(y) = y**3 - 2*y**2 - 2*y + 3. Let o be j(3). Let s = -214 - -430. Let i be s/(-14)*((-30)/(-12) - 6). What is the highest common divisor of o and i?
6
Suppose 0*u + 3*u = 1224. Let v = -8101 - -8125. Calculate the greatest common divisor of u and v.
24
Let n(d) = -321*d - 13. Let g be n(-2). Suppose -4*f + g = 3*a, -f + 411 = 6*a - 4*a. What is the highest common divisor of a and 14?
7
Let m(u) = 14*u**2 + 50*u - 1430. Let y be m(28). What is the highest common divisor of 52 and y?
26
Suppose 0 = 27*j - 25*j. Suppose j = -c + 1 - 0. Let p be (c/(-2)*-7)/(1/4). Calculate the highest common factor of 70 and p.
14
Let x(s) = s**3 + 14*s**2 - 237*s - 61. Let v be x(-23). Calculate the greatest common divisor of 296 and v.
37
Let s = 41601 - 41376. Calculate the greatest common factor of s and 315.
45
Let d = 37060 + -18772. What is the highest common factor of d and 144?
144
Let f(r) = -21*r - 72. Let t be f(-10). Suppose -135*s = -t*s + 21. Calculate the greatest common divisor of 112 and s.
7
Let r = 4958 - 4872. What is the highest common divisor of r and 6149?
43
Let r(t) = -t**3 - 5*t**2 - 5*t + 28620. Let h be r(0). Calculate the highest common factor of h and 159.
159
Let y be (-69454)/(-539) + 2/14. What is the greatest common divisor of 27 and y?
3
Let a = 54 - 56. Let w be 596*5/4 - (0 + a). What is the highest common factor of 9 and w?
9
Let j(n) = 16*n**2 + 28*n + 76. Let s be j(-3). Calculate the greatest common divisor of 68 and s.
68
Let p be (-1 - 18/(-10))*(-2520)/(-6). Let h = -1885 - -1933. What is the highest common factor of p and h?
48
Let h(t) = -8*t + 12. Let k be (-94)/(-18) + (-20)/90. Suppose -51 = k*a - 1. Let q be h(a). Calculate the greatest common divisor of q and 23.
23
Let c = -4857 + 4863. Calculate the greatest common divisor of c and 2694.
6
Let s = -6495 - -9938. What is the greatest common divisor of s and 11?
11
Let y = -174 - -216. What is the greatest common factor of y and 54?
6
Suppose 0 = -4*u - 5*i + 1729 + 132, -1 = -i. What is the greatest common divisor of u and 1450?
58
Let x(j) = 33*j - 8 - 8*j - 5 - 15*j + 32*j. Let n be x(4). What is the greatest common factor of n and 31?
31
Suppose 620 + 9255 = 5*l + 5*v, -3*v - 1959 = -l. Calculate the greatest common divisor of 73 and l.
73
Let w(r) = r**3 - 14*r**2 + 37*r + 18. Let q(p) = p**3 + 19*p**2 + 16*p - 25. Let i be q(-18). Let d be w(i). Calculate the highest common divisor of 434 and d.
62
Let t(h) = -2*h**2 - 32*h + 44. Let c be t(-16). Suppose -5*x = 4*k - 0*x - 23, -4*x = 20. Let n = k + -8. Calculate the highest common factor of n and c.
4
Suppose 16*b - 14621 = -5*o + 17*b, -3*b - 5864 = -2*o. Calculate the greatest common divisor of o and 79.
79
Suppose 8*f - 18456 + 2776 = 0. Calculate the greatest common factor of 35 and f.
35
Let z be (0 - -1)/(-3*(-2)/(-36)). Let n be ((-3)/z + 2/(-2))*-6. Let g be ((-18)/n)/(2/(-8)). Calculate the highest common divisor of 3 and g.
3
Let s(y) = 16*y**2 + 63*y + 8. Let c be s(-8). Calculate the greatest common factor of c and 112.
16
Let z(m) = 2*m**2 + 6*m + 10. Let a be z(-3). Suppose 11 = 2*u - 3*o, u + 4*o - o = 19. Suppose 5*f - 10 = u. What is the greatest common factor of f and a?
2
Let p be (-12 + 5)*(-2 + 1 + 0). Suppose -a = p*a - 2232. Let l = a + 18. What is the greatest common factor of 33 and l?
33
Let p(n) = 2*n**2 + 2*n**3 + 7*n - 40 + 8*n - 3*n**3 + 43. Let x be p(5). Let m be -4 + 450/x + -3. Calculate the greatest common factor of 13 and m.
13
Let i = 10822 - 10534. Let h(v) be the first derivative of v**4/2 - v**3/3 - 2*v**2 + 3*v + 1. Let k be h(3). Calculate the greatest common divisor of k and i.
36
Let h = 5201 - 4387. What is the greatest common factor of h and 148?
74
Let k = -9578 + 11030. Calculate the greatest common factor of k and 24.
12
Let r(a) = 55*a**3 - 6*a - 1. Let x be r(2). Let c = 592 - x. What is the greatest common divisor of 66 and c?
33
Let h be -2 + 2 + (2 - -68) + 2. Let s be (h/60)/((-9)/(-525)). Calculate the highest common divisor of s and 40.
10
Suppose 2*q - 2*i = -2, 2*q + 2*q + i - 16 = 0. Suppose 3*o + x + 97 = -59, 5*o + 5*x + 250 = 0. Let j = o - -92. What is the greatest common factor of j and q?
3
Let m(h) = -59*h**3 + 2*h**2 - 1. Let o be m(-1). Let i be (18/(-15))/((-6)/o). Suppose 6*n - 12*n = -216. Calculate the greatest common divisor of i and n.
12
Suppose -2*x - 47 = -95. Suppose 0 = -x*p + 27*p - 1023. What is the greatest common factor of 31 and p?
31
Let a be (-5)/(-2)*248/155. Suppose 3*t - 106 = -a*m, 6*t + 3*m + 99 = 8*t. Calculate the greatest common divisor of 35 and t.
7
Let i(b) = -238*b + 762. Let r be i(-9). What is the highest common divisor of 36 and r?
12
Let q(b) = -b**3 - 3*b**2 - 3*b + 1. Let v be q(-3). Suppose 264*x - 45900 = -246*x. Calculate the highest common factor of x and v.
10
Let i(p) = -50*p + 173. Let n(c) = -2*c - 2. Let b(r) = -i(r) + 3*n(r). Let l be b(5). What is the highest common divisor of 656 and l?
41
Suppose -12*n = 8*n - 520. Let b = -27 + 53. What is the highest common factor of n and b?
26
Let m(g) = g**3 + 9*g**2 + 4*g - 3. Let k be m(-5). Suppose -2*y + 4*a - 22 = -0*y, -k = 5*y + a. Let f = y + 18. What is the highest common divisor of f and 3?
3
Let o(m) = 5*m - 7. Let f be o(3). Suppose -16*k - f = -12*